{"id":8,"date":"2016-04-27T00:42:43","date_gmt":"2016-04-26T22:42:43","guid":{"rendered":"https:\/\/www.benjaminpetrvald.cz\/?page_id=8"},"modified":"2025-03-19T10:16:33","modified_gmt":"2025-03-19T09:16:33","slug":"kdo-jsme","status":"publish","type":"page","link":"https:\/\/www.benjaminpetrvald.cz\/","title":{"rendered":"POV\u011a\u0158ENEC PRO OCHRANU OSOBN\u00cdCH \u00daDAJ\u016e"},"content":{"rendered":"<p><strong>Moore Advisory CZ s.r.o.<\/strong><br \/>\nse s\u00eddlem: Karolinsk\u00e1 661\/4, Karl\u00edn, 186 00 Praha 8<br \/>\nI\u010cO: 09692142<br \/>\ndatov\u00e1 schr\u00e1nka: q4hs4wu<br \/>\nkontaktn\u00ed osoba: Ing. Petr \u0160t\u011btka<\/p>\n<p>e-mail: petr.stetka@moore-czech.cz<br \/>\ntel.: 734 647 701<\/p>\n","protected":false},"excerpt":{"rendered":"<p>Moore Advisory CZ s.r.o. se s\u00eddlem: Karolinsk\u00e1 661\/4, Karl\u00edn, 186 00 Praha 8 I\u010cO: 09692142 datov\u00e1 schr\u00e1nka: q4hs4wu kontaktn\u00ed osoba: Ing. Petr \u0160t\u011btka e-mail: petr.stetka@moore-czech.cz tel.: 734 647 701<\/p>\n","protected":false},"author":1,"featured_media":0,"parent":0,"menu_order":0,"comment_status":"closed","ping_status":"closed","template":"full-width.php","meta":{"ngg_post_thumbnail":0,"footnotes":""},"class_list":["post-8","page","type-page","status-publish","hentry"],"_links":{"self":[{"href":"https:\/\/www.benjaminpetrvald.cz\/index.php?rest_route=\/wp\/v2\/pages\/8","targetHints":{"allow":["GET"]}}],"collection":[{"href":"https:\/\/www.benjaminpetrvald.cz\/index.php?rest_route=\/wp\/v2\/pages"}],"about":[{"href":"https:\/\/www.benjaminpetrvald.cz\/index.php?rest_route=\/wp\/v2\/types\/page"}],"author":[{"embeddable":true,"href":"https:\/\/www.benjaminpetrvald.cz\/index.php?rest_route=\/wp\/v2\/users\/1"}],"replies":[{"embeddable":true,"href":"https:\/\/www.benjaminpetrvald.cz\/index.php?rest_route=%2Fwp%2Fv2%2Fcomments&post=8"}],"version-history":[{"count":16,"href":"https:\/\/www.benjaminpetrvald.cz\/index.php?rest_route=\/wp\/v2\/pages\/8\/revisions"}],"predecessor-version":[{"id":1753,"href":"https:\/\/www.benjaminpetrvald.cz\/index.php?rest_route=\/wp\/v2\/pages\/8\/revisions\/1753"}],"wp:attachment":[{"href":"https:\/\/www.benjaminpetrvald.cz\/index.php?rest_route=%2Fwp%2Fv2%2Fmedia&parent=8"}],"curies":[{"name":"wp","href":"https:\/\/api.w.org\/{rel}","templated":true}]}}