{"id":718,"date":"2017-06-21T15:35:38","date_gmt":"2017-06-21T13:35:38","guid":{"rendered":"https:\/\/www.benjaminpetrvald.cz\/?page_id=718"},"modified":"2018-05-27T15:28:19","modified_gmt":"2018-05-27T13:28:19","slug":"darci-2017","status":"publish","type":"page","link":"https:\/\/www.benjaminpetrvald.cz\/?page_id=718","title":{"rendered":"D\u00e1rci 2017"},"content":{"rendered":"<p><a href=\"https:\/\/www.benjaminpetrvald.cz\/wp-content\/uploads\/2017\/06\/logo-sfzp-2r.gif\"><img loading=\"lazy\" decoding=\"async\" class=\"size-medium wp-image-770 alignnone\" src=\"https:\/\/www.benjaminpetrvald.cz\/wp-content\/uploads\/2017\/06\/logo-sfzp-2r-300x31.gif\" alt=\"\" width=\"300\" height=\"31\"><\/a><\/p>\n<p>Na z\u00e1klad\u011b smlouvy o poskytnut\u00ed podpory byla St\u00e1tn\u00edm fondem \u017eivotn\u00edho prost\u0159ed\u00ed \u010cesk\u00e9 republiky poskytnuta domovu Benjam\u00edn, p.o. finan\u010dn\u00ed podpora v \u010d\u00e1stce 60 000,- K\u010d na zakoupen\u00ed vozidla \u0160KODA OCTAVIA COMBI s alternativn\u00edm pohonem CNG.<\/p>\n<p>Toto vozidlo je n\u00e1hradou za vozidlo normy EURO 3 z roku 2001, kter\u00e9 bylo ekologicky zlikvidov\u00e1no.<\/p>\n<p>&nbsp;<\/p>\n<p><a href=\"https:\/\/www.benjaminpetrvald.cz\/wp-content\/uploads\/2017\/06\/tesco-logo.png\"><img loading=\"lazy\" decoding=\"async\" class=\"wp-image-724 size-full alignnone\" src=\"https:\/\/www.benjaminpetrvald.cz\/wp-content\/uploads\/2017\/06\/tesco-logo.png\" alt=\"\" width=\"140\" height=\"44\"><\/a><\/p>\n<p>Cht\u011bli bychom touto cestou moc pod\u011bkovat Nada\u010dn\u00edmu fondu Tesco za to, \u017ee n\u00e1m umo\u017enil po\u017e\u00e1dat o finan\u010dn\u00ed podporu a uch\u00e1zet se o hlasy ob\u010dan\u016f, d\u00edky kter\u00fdm n\u00e1m byla poskytnuta \u010d\u00e1stka <strong>30&nbsp;000,-<\/strong> K\u010d. Moc si t\u00e9to podpory a pomoci v\u00e1\u017e\u00edme a jm\u00e9nem d\u011bt\u00ed z&nbsp;Benjam\u00ednu za to Nada\u010dn\u00edmu fondu Tesco d\u011bkujeme.<\/p>\n<h4>Weloveyou s. r. o.<\/h4>\n<table>\n<tbody>\n<tr>\n<td style=\"width: 99px;\"><a href=\"https:\/\/www.benjaminpetrvald.cz\/wp-content\/uploads\/2016\/10\/weloveyou_logo1.png\"><img loading=\"lazy\" decoding=\"async\" class=\"size-full wp-image-782 alignnone\" src=\"https:\/\/www.benjaminpetrvald.cz\/wp-content\/uploads\/2016\/10\/weloveyou_logo1.png\" alt=\"\" width=\"107\" height=\"107\"><\/a><\/td>\n<td><a href=\"https:\/\/www.benjaminpetrvald.cz\/wp-content\/uploads\/2016\/10\/logo_zdravy_shake_colostrum-s_shop.png\"><img loading=\"lazy\" decoding=\"async\" class=\"size-full wp-image-783 alignnone\" src=\"https:\/\/www.benjaminpetrvald.cz\/wp-content\/uploads\/2016\/10\/logo_zdravy_shake_colostrum-s_shop.png\" alt=\"\" width=\"280\" height=\"150\"><\/a><\/td>\n<\/tr>\n<\/tbody>\n<\/table>\n<p>Spole\u010dnost Weloveyou s. r. o. n\u00e1m nab\u00eddla dlouhodobou sponzorskou spolupr\u00e1ci s nab\u00eddkou produkt\u016f Zdrav\u00fd Shake a dal\u0161\u00edch podp\u016frn\u00fdch aktivit. Nab\u00eddky si v\u00e1\u017e\u00edme a d\u011bkujeme.<\/p>\n<h4>Nadace Agrofert<\/h4>\n<p><a href=\"https:\/\/www.benjaminpetrvald.cz\/wp-content\/uploads\/2017\/06\/nadaceagrofer.jpg\"><img loading=\"lazy\" decoding=\"async\" class=\"size-medium wp-image-804 alignnone\" src=\"https:\/\/www.benjaminpetrvald.cz\/wp-content\/uploads\/2017\/06\/nadaceagrofer-300x86.jpg\" alt=\"\" width=\"300\" height=\"86\"><\/a><\/p>\n<p>D\u011bkujeme za poskytnut\u00ed \u010d\u00e1stky 100 000,- K\u010d, d\u00edky kter\u00e9 m\u016f\u017eeme d\u011btem v DOZP Benjam\u00edn st\u0159edisko v Hav\u00ed\u0159ov\u011b poskytovat po cel\u00fd rok canisterapii.<\/p>\n<h4>Globus \u010cR, k. s.<br \/>\nHypermarket Globus Hav\u00ed\u0159ov<\/h4>\n<p><a href=\"https:\/\/www.benjaminpetrvald.cz\/wp-content\/uploads\/2017\/06\/globus.png\"><img loading=\"lazy\" decoding=\"async\" class=\"size-medium wp-image-805 alignnone\" src=\"https:\/\/www.benjaminpetrvald.cz\/wp-content\/uploads\/2017\/06\/globus-300x237.png\" alt=\"\" width=\"300\" height=\"237\"><\/a><\/p>\n<p>D\u011bkujeme za mo\u017enost zapojen\u00ed do akce \u201eStrom spln\u011bn\u00fdch p\u0159\u00e1n\u00ed\u201c, kdy z\u00e1kazn\u00edci i zam\u011bstnanci Hypermarketu Globus darovali d\u011btem z DOZP Benjam\u00edn st\u0159edisko v Hav\u00ed\u0159ov\u011b v\u00e1no\u010dn\u00ed d\u00e1rky dle jejich p\u0159\u00e1n\u00ed.<\/p>\n","protected":false},"excerpt":{"rendered":"<p>Na z\u00e1klad\u011b smlouvy o poskytnut\u00ed podpory byla St\u00e1tn\u00edm fondem \u017eivotn\u00edho prost\u0159ed\u00ed \u010cesk\u00e9 republiky poskytnuta domovu Benjam\u00edn, p.o. finan\u010dn\u00ed podpora v \u010d\u00e1stce 60 000,- K\u010d na zakoupen\u00ed vozidla \u0160KODA OCTAVIA COMBI s alternativn\u00edm pohonem CNG. Toto vozidlo je n\u00e1hradou za vozidlo normy EURO 3 z roku 2001, kter\u00e9 bylo ekologicky zlikvidov\u00e1no. &nbsp; Cht\u011bli bychom touto cestou moc pod\u011bkovat Nada\u010dn\u00edmu fondu Tesco za to, \u017ee n\u00e1m umo\u017enil po\u017e\u00e1dat o finan\u010dn\u00ed podporu a uch\u00e1zet se o hlasy ob\u010dan\u016f, d\u00edky kter\u00fdm n\u00e1m byla poskytnuta \u010d\u00e1stka 30&nbsp;000,- K\u010d. Moc si t\u00e9to podpory a pomoci v\u00e1\u017e\u00edme a jm\u00e9nem d\u011bt\u00ed z&nbsp;Benjam\u00ednu za to Nada\u010dn\u00edmu fondu Tesco d\u011bkujeme&#8230;. <\/p>\n","protected":false},"author":1,"featured_media":0,"parent":0,"menu_order":0,"comment_status":"closed","ping_status":"closed","template":"full-width.php","meta":{"ngg_post_thumbnail":0,"footnotes":""},"class_list":["post-718","page","type-page","status-publish","hentry"],"_links":{"self":[{"href":"https:\/\/www.benjaminpetrvald.cz\/index.php?rest_route=\/wp\/v2\/pages\/718","targetHints":{"allow":["GET"]}}],"collection":[{"href":"https:\/\/www.benjaminpetrvald.cz\/index.php?rest_route=\/wp\/v2\/pages"}],"about":[{"href":"https:\/\/www.benjaminpetrvald.cz\/index.php?rest_route=\/wp\/v2\/types\/page"}],"author":[{"embeddable":true,"href":"https:\/\/www.benjaminpetrvald.cz\/index.php?rest_route=\/wp\/v2\/users\/1"}],"replies":[{"embeddable":true,"href":"https:\/\/www.benjaminpetrvald.cz\/index.php?rest_route=%2Fwp%2Fv2%2Fcomments&post=718"}],"version-history":[{"count":8,"href":"https:\/\/www.benjaminpetrvald.cz\/index.php?rest_route=\/wp\/v2\/pages\/718\/revisions"}],"predecessor-version":[{"id":806,"href":"https:\/\/www.benjaminpetrvald.cz\/index.php?rest_route=\/wp\/v2\/pages\/718\/revisions\/806"}],"wp:attachment":[{"href":"https:\/\/www.benjaminpetrvald.cz\/index.php?rest_route=%2Fwp%2Fv2%2Fmedia&parent=718"}],"curies":[{"name":"wp","href":"https:\/\/api.w.org\/{rel}","templated":true}]}}