{"id":677,"date":"2017-02-22T12:39:00","date_gmt":"2017-02-22T11:39:00","guid":{"rendered":"https:\/\/www.benjaminpetrvald.cz\/?page_id=677"},"modified":"2017-02-22T12:41:12","modified_gmt":"2017-02-22T11:41:12","slug":"darci-2016","status":"publish","type":"page","link":"https:\/\/www.benjaminpetrvald.cz\/?page_id=677","title":{"rendered":"D\u00e1rci 2016"},"content":{"rendered":"<p>V\u00e1\u017een\u00ed p\u0159\u00e1tel\u00e9,<\/p>\n<p>cht\u011bli bychom V\u00e1m touto cestou velice moc pod\u011bkovat za podporu finan\u010dn\u00ed \u010di hmotnou, kterou jste poskytli u\u017eivatel\u016fm na\u0161\u00ed slu\u017eby v roce 2016. Moc si toho V\u00e1\u017e\u00edme a v\u011b\u0159\u00edme, \u017ee budeme m\u00edt i nad\u00e1le mo\u017enost za\u017e\u00edvat Va\u0161i velkorysost a ochotu d\u00e1l podporovat a pom\u00e1hat lidem, kte\u0159\u00ed v\u00a0Benjam\u00ednu \u017eij\u00ed.<\/p>\n<p>My v\u0161ichni z\u00a0Benjam\u00ednu<\/p>\n<p>Jmenovit\u011b pak d\u011bkujeme:<\/p>\n<h4><strong>Olomouck\u00fd kraj<\/strong><\/h4>\n<p><a href=\"https:\/\/www.benjaminpetrvald.cz\/wp-content\/uploads\/2017\/02\/darci-olkraj.png\"><img loading=\"lazy\" decoding=\"async\" class=\"wp-image-679 size-medium alignnone\" src=\"https:\/\/www.benjaminpetrvald.cz\/wp-content\/uploads\/2017\/02\/darci-olkraj-300x131.png\" alt=\"darci-olkraj\" width=\"300\" height=\"131\" srcset=\"https:\/\/www.benjaminpetrvald.cz\/wp-content\/uploads\/2017\/02\/darci-olkraj-300x131.png 300w, https:\/\/www.benjaminpetrvald.cz\/wp-content\/uploads\/2017\/02\/darci-olkraj-768x335.png 768w, https:\/\/www.benjaminpetrvald.cz\/wp-content\/uploads\/2017\/02\/darci-olkraj.png 800w\" sizes=\"auto, (max-width: 300px) 100vw, 300px\" \/><\/a><\/p>\n<p>Individu\u00e1ln\u00ed dotace z rozpo\u010dtu Olomouck\u00e9ho kraje na rok 2016 na zaji\u0161t\u011bn\u00ed podpory d\u00edt\u011bti s poruchou autistick\u00e9ho spektra v <strong>\u010d\u00e1stce 231 516,- K\u010d.<\/strong><\/p>\n<h4><strong>Nadace Agrofert<\/strong><\/h4>\n<p><a href=\"https:\/\/www.benjaminpetrvald.cz\/wp-content\/uploads\/2016\/10\/agrofertlogosponsor.jpg\"><img loading=\"lazy\" decoding=\"async\" class=\"wp-image-494 size-medium alignnone\" src=\"https:\/\/www.benjaminpetrvald.cz\/wp-content\/uploads\/2016\/10\/agrofertlogosponsor-300x86.jpg\" alt=\"agrofertlogosponsor\" width=\"300\" height=\"86\" srcset=\"https:\/\/www.benjaminpetrvald.cz\/wp-content\/uploads\/2016\/10\/agrofertlogosponsor-300x86.jpg 300w, https:\/\/www.benjaminpetrvald.cz\/wp-content\/uploads\/2016\/10\/agrofertlogosponsor-768x220.jpg 768w, https:\/\/www.benjaminpetrvald.cz\/wp-content\/uploads\/2016\/10\/agrofertlogosponsor-1024x293.jpg 1024w, https:\/\/www.benjaminpetrvald.cz\/wp-content\/uploads\/2016\/10\/agrofertlogosponsor.jpg 1238w\" sizes=\"auto, (max-width: 300px) 100vw, 300px\" \/><\/a><\/p>\n<p>D\u011bkujeme za poskytnut\u00ed \u010d\u00e1stky <strong>100 000,- K\u010d<\/strong>, d\u00edky kter\u00e9 m\u016f\u017eeme d\u011btem v\u00a0DOZP Benjam\u00edn st\u0159edisko v\u00a0Hav\u00ed\u0159ov\u011b poskytovat po cel\u00fd rok canisterapii.<\/p>\n<h4><strong>Dobr\u00fd skutek, z. s.<\/strong><\/h4>\n<p><a href=\"https:\/\/www.benjaminpetrvald.cz\/wp-content\/uploads\/2017\/02\/darci-dobryskutek.png\"><img loading=\"lazy\" decoding=\"async\" class=\"size-medium wp-image-683 alignnone\" src=\"https:\/\/www.benjaminpetrvald.cz\/wp-content\/uploads\/2017\/02\/darci-dobryskutek-300x145.png\" alt=\"darci-dobryskutek\" width=\"300\" height=\"145\" srcset=\"https:\/\/www.benjaminpetrvald.cz\/wp-content\/uploads\/2017\/02\/darci-dobryskutek-300x145.png 300w, https:\/\/www.benjaminpetrvald.cz\/wp-content\/uploads\/2017\/02\/darci-dobryskutek.png 320w\" sizes=\"auto, (max-width: 300px) 100vw, 300px\" \/><\/a><\/p>\n<p>D\u011bkujeme za poskytnut\u00ed \u010d\u00e1stky <strong>30 000,- K\u010d<\/strong>, d\u00edky kter\u00fdm mohly d\u011bti v\u00a0DOZP Benjam\u00edn st\u0159edisko v\u00a0Hav\u00ed\u0159ov\u011b vyu\u017e\u00edvat v\u00a0roce 2016 muzikoterapii.<\/p>\n<h4><strong>Globus\u00a0\u010cR, k. s.<br \/>\nHypermarket Globus Hav\u00ed\u0159ov<\/strong><\/h4>\n<p><a href=\"https:\/\/www.benjaminpetrvald.cz\/wp-content\/uploads\/2017\/02\/darci-globus.png\"><img loading=\"lazy\" decoding=\"async\" class=\"wp-image-685 size-medium alignnone\" src=\"https:\/\/www.benjaminpetrvald.cz\/wp-content\/uploads\/2017\/02\/darci-globus-300x237.png\" width=\"300\" height=\"237\" srcset=\"https:\/\/www.benjaminpetrvald.cz\/wp-content\/uploads\/2017\/02\/darci-globus-300x237.png 300w, https:\/\/www.benjaminpetrvald.cz\/wp-content\/uploads\/2017\/02\/darci-globus.png 472w\" sizes=\"auto, (max-width: 300px) 100vw, 300px\" \/><\/a><\/p>\n<p>D\u011bkujeme za mo\u017enost zapojen\u00ed do akce \u201eStrom spln\u011bn\u00fdch p\u0159\u00e1n\u00ed\u201c, kdy z\u00e1kazn\u00edci i zam\u011bstnanci Hypermarketu Globus darovali d\u011btem z\u00a0DOZP Benjam\u00edn st\u0159edisko v\u00a0Hav\u00ed\u0159ov\u011b v\u00e1no\u010dn\u00ed d\u00e1rky dle jejich p\u0159\u00e1n\u00ed.<\/p>\n<h4><strong>Nada\u010dn\u00ed fond Albert<\/strong><\/h4>\n<p><a href=\"https:\/\/www.benjaminpetrvald.cz\/wp-content\/uploads\/2017\/02\/darci-albert.jpg\"><img loading=\"lazy\" decoding=\"async\" class=\"wp-image-686 size-full alignnone\" src=\"https:\/\/www.benjaminpetrvald.cz\/wp-content\/uploads\/2017\/02\/darci-albert.jpg\" width=\"80\" height=\"80\" \/><\/a><\/p>\n<p>D\u011bkujeme za mo\u017enost zapojen\u00ed do projektu \u201eV\u00e1no\u010dn\u00ed d\u00e1rky \u2013 Henkel 2016\u201c, d\u00edky finan\u010dn\u00edmu daru od z\u00e1kazn\u00edk\u016f a zam\u011bstnanc\u016f dostaly d\u011bti s\u00a0na\u0159\u00edzenou \u00fastavn\u00ed v\u00fdchovou z\u00a0DOZP Benjam\u00edn st\u0159edisko v\u00a0Hav\u00ed\u0159ov\u011b sv\u016fj v\u00e1no\u010dn\u00ed d\u00e1rek dle sv\u00e9ho p\u0159\u00e1n\u00ed.<\/p>\n<h4><u>D\u00e1le moc d\u011bkujeme:<\/u><\/h4>\n<ul>\n<li>L\u00e9k\u00e1rna Camilla Pet\u0159vald \u2013 pen\u011b\u017en\u00ed dar<\/li>\n<li>pedagogov\u00e9 a studenti S\u0160 techniky a slu\u017eeb Karvin\u00e1-Nov\u00e9 M\u011bsto \u2013 pen\u011b\u017en\u00ed dar<\/li>\n<li>Lud\u011bk Bednarz \u2013 pen\u011b\u017en\u00ed dar<\/li>\n<li>Distrimed s. r. o. \u2013 antidekubitn\u00ed matrace a antidekubitn\u00ed sed\u00e1k<\/li>\n<li>Zam\u011bstnanci OSPOD M\u011bstsk\u00e9ho \u00fa\u0159adu v\u00a0Orlov\u00e9 &#8211; TV Sencor a DVD p\u0159ehr\u00e1va\u010d<\/li>\n<li>Pavel Ra\u0161\u00edk &#8211; tisk\u00e1rna a skener<\/li>\n<li>M\u011bsto Doln\u00ed Bene\u0161ov &#8211; TV Philips LED<\/li>\n<li>Josef Folta \u2013 pen\u011b\u017en\u00ed dar<\/li>\n<\/ul>\n<h4><strong><u>Zvl\u00e1\u0161tn\u00ed pod\u011bkov\u00e1n\u00ed:<\/u><\/strong><\/h4>\n<p>D\u011bkujeme firm\u011b Kompakt, spol. s r. o. Pod\u011bbrady, zastoupen\u00e9 jednatelem PaeDr. Miroslavem K\u00e1ninsk\u00fdm, kter\u00e1 prop\u016fj\u010dila na\u0161\u00ed organizaci na dobu 6 let automobil Dacia Dokker, kter\u00fd je financov\u00e1n pomoc\u00ed nosi\u010d\u016f reklamy um\u00edst\u011bn\u00fdch na tomto automobilu. D\u011bkujeme tak\u00e9 p. Bo\u017eo\u0148ovi a p. Spurn\u00e9, kte\u0159\u00ed se zaslou\u017eili o realizaci cel\u00e9ho projektu, a d\u00edky kter\u00fdm se poda\u0159ilo z\u00edskat firmy, kter\u00e9 na projekt finan\u010dn\u011b p\u0159isp\u011bly.<\/p>\n","protected":false},"excerpt":{"rendered":"<p>V\u00e1\u017een\u00ed p\u0159\u00e1tel\u00e9, cht\u011bli bychom V\u00e1m touto cestou velice moc pod\u011bkovat za podporu finan\u010dn\u00ed \u010di hmotnou, kterou jste poskytli u\u017eivatel\u016fm na\u0161\u00ed slu\u017eby v roce 2016. Moc si toho V\u00e1\u017e\u00edme a v\u011b\u0159\u00edme, \u017ee budeme m\u00edt i nad\u00e1le mo\u017enost za\u017e\u00edvat Va\u0161i velkorysost a ochotu d\u00e1l podporovat a pom\u00e1hat lidem, kte\u0159\u00ed v\u00a0Benjam\u00ednu \u017eij\u00ed. My v\u0161ichni z\u00a0Benjam\u00ednu Jmenovit\u011b pak d\u011bkujeme: Olomouck\u00fd kraj Individu\u00e1ln\u00ed dotace z rozpo\u010dtu Olomouck\u00e9ho kraje na rok 2016 na zaji\u0161t\u011bn\u00ed podpory d\u00edt\u011bti s poruchou autistick\u00e9ho spektra v \u010d\u00e1stce 231 516,- K\u010d. Nadace Agrofert D\u011bkujeme za poskytnut\u00ed \u010d\u00e1stky 100 000,- K\u010d, d\u00edky kter\u00e9 m\u016f\u017eeme d\u011btem v\u00a0DOZP Benjam\u00edn st\u0159edisko v\u00a0Hav\u00ed\u0159ov\u011b poskytovat po cel\u00fd rok&#8230; <\/p>\n","protected":false},"author":1,"featured_media":0,"parent":0,"menu_order":0,"comment_status":"closed","ping_status":"closed","template":"full-width.php","meta":{"ngg_post_thumbnail":0,"footnotes":""},"class_list":["post-677","page","type-page","status-publish","hentry"],"_links":{"self":[{"href":"https:\/\/www.benjaminpetrvald.cz\/index.php?rest_route=\/wp\/v2\/pages\/677","targetHints":{"allow":["GET"]}}],"collection":[{"href":"https:\/\/www.benjaminpetrvald.cz\/index.php?rest_route=\/wp\/v2\/pages"}],"about":[{"href":"https:\/\/www.benjaminpetrvald.cz\/index.php?rest_route=\/wp\/v2\/types\/page"}],"author":[{"embeddable":true,"href":"https:\/\/www.benjaminpetrvald.cz\/index.php?rest_route=\/wp\/v2\/users\/1"}],"replies":[{"embeddable":true,"href":"https:\/\/www.benjaminpetrvald.cz\/index.php?rest_route=%2Fwp%2Fv2%2Fcomments&post=677"}],"version-history":[{"count":5,"href":"https:\/\/www.benjaminpetrvald.cz\/index.php?rest_route=\/wp\/v2\/pages\/677\/revisions"}],"predecessor-version":[{"id":687,"href":"https:\/\/www.benjaminpetrvald.cz\/index.php?rest_route=\/wp\/v2\/pages\/677\/revisions\/687"}],"wp:attachment":[{"href":"https:\/\/www.benjaminpetrvald.cz\/index.php?rest_route=%2Fwp%2Fv2%2Fmedia&parent=677"}],"curies":[{"name":"wp","href":"https:\/\/api.w.org\/{rel}","templated":true}]}}