{"id":647,"date":"2016-11-03T14:09:25","date_gmt":"2016-11-03T13:09:25","guid":{"rendered":"https:\/\/www.benjaminpetrvald.cz\/?page_id=647"},"modified":"2018-09-09T19:19:45","modified_gmt":"2018-09-09T17:19:45","slug":"projekt-rekonstrukce-dozp-benjamin","status":"publish","type":"page","link":"https:\/\/www.benjaminpetrvald.cz\/?page_id=647","title":{"rendered":"Projekt rekonstrukce DOZP Benjam\u00edn"},"content":{"rendered":"<p>N\u00e1zev projektu: Rekonstrukce domova pro osoby se zdravotn\u00edm posti\u017een\u00edm Benjam\u00edn<\/p>\n<p>Registra\u010dn\u00ed \u010d\u00edslo projektu: CZ.1.10\/2.1.00\/24.01365<\/p>\n<p>\u017dadatel projektu: Moravskoslezsk\u00fd kraj<\/p>\n<p>P\u0159edm\u011btem projektu je celkov\u00e1 rekonstrukce a p\u0159\u00edstavba st\u00e1vaj\u00edc\u00edho domova pro osoby se zdravotn\u00edm posti\u017een\u00edm Benjam\u00edn. Po proveden\u00fdch stavebn\u00edch \u00faprav\u00e1ch bude v objektu v r\u00e1mci poskytovan\u00e9 slu\u017eby domova pro osoby se zdravotn\u00edm posti\u017een\u00edm celkem 16 jednol\u016f\u017ekov\u00fdch a 4 dvoul\u016f\u017ekov\u00e9 pokoje, v r\u00e1mci nov\u00e9 slu\u017eby domova se zvl\u00e1\u0161tn\u00edm re\u017eimem celkem 8 jednol\u016f\u017ekov\u00fdch pokoj\u016f. Celkov\u00e1 kapacita tak bude \u010dinit 32 l\u016f\u017eek, 24 l\u016f\u017eek v r\u00e1mci domova pro osoby se zdravotn\u00edm posti\u017een\u00edm a 8 l\u016f\u017eek v r\u00e1mci domova se zvl\u00e1\u0161tn\u00edm re\u017eimem. Ob\u011b slu\u017eby bude provozovat Benjam\u00edn, p\u0159\u00edsp\u011bvkov\u00e1 organizace, jej\u00edm\u017e z\u0159izovatelem je Moravskoslezsk\u00fd kraj.<\/p>\n<p>K objekt\u016fm Benjam\u00edna bude provedeno n\u011bkolik p\u0159\u00edstaveb, budou roz\u0161\u00ed\u0159eny a dopln\u011bny zpevn\u011bn\u00e9 plochy a z\u0159\u00edzena nov\u00e1 parkovac\u00ed m\u00edsta pro umo\u017en\u011bn\u00ed parkov\u00e1n\u00ed osob s omezenou mo\u017enost\u00ed pohybu. Nov\u011b se dopln\u00ed venkovn\u00ed de\u0161\u0165ov\u00e1 a spla\u0161kov\u00e1 kanalizace v r\u00e1mci domovn\u00edch rozvod\u016f. Z\u0159\u00edd\u00ed se nov\u00e9 rampy, schodi\u0161t\u011b a op\u011brn\u00e9 zdi. Bude provedena rekonstrukce vodom\u011brn\u00e9 \u0161achty, vysad\u00ed se zele\u0148. D\u00e1le budou provedeny rekonstrukce v cel\u00e9m objektu, kter\u00e9 zahrnuj\u00ed \u00fapravu dispozic v souladu s pot\u0159ebami budouc\u00edch poskytovan\u00fdch slu\u017eeb. Sou\u010d\u00e1st\u00ed \u00faprav bude tak\u00e9 rekonstrukce vzduchotechniky, zdravotechniky, elektroinstalace a plynov\u00fdch za\u0159\u00edzen\u00ed.<\/p>\n<p>Projekt bude spolufinancov\u00e1n z Region\u00e1ln\u00edho opera\u010dn\u00edho programu NUTS II Moravskoslezsko ve v\u00fd\u0161i 85 % z celkov\u00fdch zp\u016fsobil\u00fdch v\u00fddaj\u016f.<\/p>\n<p><img decoding=\"async\" class=\"ngg-singlepic ngg-none\" src=\"https:\/\/www.benjaminpetrvald.cz\/wp-content\/gallery\/web-loga\/logo-eu.jpg\" alt=\"logo-eu\"><\/p>\n<p>Projekt celkov\u00e9 rekonstrukce st\u00e1vaj\u00edc\u00edho Domova pro osoby se zdravotn\u00edm posti\u017een\u00edm p\u0159\u00edsp\u011bvkov\u00e9 organizace Benjam\u00edn byl dokon\u010den v letn\u00edch m\u011bs\u00edc\u00edch roku 2014. Pro u\u017eivatele byly vytvo\u0159eny \u010dty\u0159i samostatn\u00e9 dom\u00e1cnosti. Ka\u017ed\u00e1 z t\u011bchto dom\u00e1cnost\u00ed je tvo\u0159ena \u010dty\u0159mi jednol\u016f\u017ekov\u00fdmi pokoji a jedn\u00edm dvoul\u016f\u017ekov\u00fdm, kuchyn\u00ed propojenou s ob\u00fdvac\u00edm pokojem a dv\u011bma koupelnami s WC. Dom\u00e1cnosti maj\u00ed tak\u00e9 k dispozici samostatn\u00e9 \u00falo\u017en\u00e9 prostory. V\u0161e je uzp\u016fsobeno pro pot\u0159eby u\u017eivatel\u016f s t\u011b\u017ek\u00fdm zdravotn\u00edm posti\u017een\u00edm. Sou\u010d\u00e1st\u00ed rekonstrukce bylo tak\u00e9 vytvo\u0159en\u00ed jedn\u00e9 samostatn\u00e9 dom\u00e1cnosti pro nov\u011b zaregistrovanou slu\u017ebu Domova se zvl\u00e1\u0161tn\u00edm re\u017eimem. Tato dom\u00e1cnost je situov\u00e1na v jin\u00e9 \u010d\u00e1sti budovy. U\u017eivatel\u00e9 maj\u00ed na dom\u00e1cnosti k dispozici jednol\u016f\u017ekov\u00e9 pokoje, n\u011bkolik koupelen s WC, kuchy\u0148 propojenou s ob\u00fdvac\u00edm pokojem a \u00falo\u017en\u00e9 prostory. U\u017eivatel\u00e9 obou slu\u017eeb mohou vyu\u017e\u00edvat terasy, udr\u017eovanou zahradu a relaxa\u010dn\u00ed m\u00edstnost. V z\u00e1zem\u00ed obou slu\u017eeb jsou dostate\u010dn\u00e9 prostory pro person\u00e1ln\u00ed a technick\u00e9 zaji\u0161t\u011bn\u00ed provozu.<\/p>\n<p>&nbsp;<\/p>\n","protected":false},"excerpt":{"rendered":"<p>N\u00e1zev projektu: Rekonstrukce domova pro osoby se zdravotn\u00edm posti\u017een\u00edm Benjam\u00edn Registra\u010dn\u00ed \u010d\u00edslo projektu: CZ.1.10\/2.1.00\/24.01365 \u017dadatel projektu: Moravskoslezsk\u00fd kraj P\u0159edm\u011btem projektu je celkov\u00e1 rekonstrukce a p\u0159\u00edstavba st\u00e1vaj\u00edc\u00edho domova pro osoby se zdravotn\u00edm posti\u017een\u00edm Benjam\u00edn. Po proveden\u00fdch stavebn\u00edch \u00faprav\u00e1ch bude v objektu v r\u00e1mci poskytovan\u00e9 slu\u017eby domova pro osoby se zdravotn\u00edm posti\u017een\u00edm celkem 16 jednol\u016f\u017ekov\u00fdch a 4 dvoul\u016f\u017ekov\u00e9 pokoje, v r\u00e1mci nov\u00e9 slu\u017eby domova se zvl\u00e1\u0161tn\u00edm re\u017eimem celkem 8 jednol\u016f\u017ekov\u00fdch pokoj\u016f. Celkov\u00e1 kapacita tak bude \u010dinit 32 l\u016f\u017eek, 24 l\u016f\u017eek v r\u00e1mci domova pro osoby se zdravotn\u00edm posti\u017een\u00edm a 8 l\u016f\u017eek v r\u00e1mci domova se zvl\u00e1\u0161tn\u00edm re\u017eimem. Ob\u011b slu\u017eby bude provozovat Benjam\u00edn,&#8230; <\/p>\n","protected":false},"author":1,"featured_media":0,"parent":0,"menu_order":0,"comment_status":"closed","ping_status":"closed","template":"no-sidebar.php","meta":{"ngg_post_thumbnail":0,"footnotes":""},"class_list":["post-647","page","type-page","status-publish","hentry"],"_links":{"self":[{"href":"https:\/\/www.benjaminpetrvald.cz\/index.php?rest_route=\/wp\/v2\/pages\/647","targetHints":{"allow":["GET"]}}],"collection":[{"href":"https:\/\/www.benjaminpetrvald.cz\/index.php?rest_route=\/wp\/v2\/pages"}],"about":[{"href":"https:\/\/www.benjaminpetrvald.cz\/index.php?rest_route=\/wp\/v2\/types\/page"}],"author":[{"embeddable":true,"href":"https:\/\/www.benjaminpetrvald.cz\/index.php?rest_route=\/wp\/v2\/users\/1"}],"replies":[{"embeddable":true,"href":"https:\/\/www.benjaminpetrvald.cz\/index.php?rest_route=%2Fwp%2Fv2%2Fcomments&post=647"}],"version-history":[{"count":4,"href":"https:\/\/www.benjaminpetrvald.cz\/index.php?rest_route=\/wp\/v2\/pages\/647\/revisions"}],"predecessor-version":[{"id":842,"href":"https:\/\/www.benjaminpetrvald.cz\/index.php?rest_route=\/wp\/v2\/pages\/647\/revisions\/842"}],"wp:attachment":[{"href":"https:\/\/www.benjaminpetrvald.cz\/index.php?rest_route=%2Fwp%2Fv2%2Fmedia&parent=647"}],"curies":[{"name":"wp","href":"https:\/\/api.w.org\/{rel}","templated":true}]}}