{"id":1123,"date":"2021-02-07T13:13:07","date_gmt":"2021-02-07T12:13:07","guid":{"rendered":"https:\/\/www.benjaminpetrvald.cz\/?page_id=1123"},"modified":"2023-12-27T05:39:05","modified_gmt":"2023-12-27T04:39:05","slug":"poverenec-pro-ochranu-osobnich-udaju","status":"publish","type":"page","link":"https:\/\/www.benjaminpetrvald.cz\/?page_id=1123","title":{"rendered":"POV\u011a\u0158ENEC PRO OCHRANU OSOBN\u00cdCH \u00daDAJ\u016e"},"content":{"rendered":"\n<p><strong>Moore Advisory CZ s.r.o.<\/strong><br>se s\u00eddlem: Karolinsk\u00e1 661\/4, Karl\u00edn, 186 00 Praha 8<br>I\u010cO: 09692142<br>datov\u00e1 schr\u00e1nka: q4hs4wu<br>kontaktn\u00ed osoba: Ing. Petr \u0160t\u011btka<\/p>\n<p>e-mail: petr.stetka@moore-czech.cz<br>tel.: 734 647 701<\/p>\n","protected":false},"excerpt":{"rendered":"<p>Moore Advisory CZ s.r.o.se s\u00eddlem: Karolinsk\u00e1 661\/4, Karl\u00edn, 186 00 Praha 8I\u010cO: 09692142datov\u00e1 schr\u00e1nka: q4hs4wukontaktn\u00ed osoba: Ing. Petr \u0160t\u011btka e-mail: petr.stetka@moore-czech.cztel.: 734 647 701<\/p>\n","protected":false},"author":1,"featured_media":0,"parent":0,"menu_order":0,"comment_status":"closed","ping_status":"closed","template":"full-width.php","meta":{"ngg_post_thumbnail":0,"footnotes":""},"class_list":["post-1123","page","type-page","status-publish","hentry"],"_links":{"self":[{"href":"https:\/\/www.benjaminpetrvald.cz\/index.php?rest_route=\/wp\/v2\/pages\/1123","targetHints":{"allow":["GET"]}}],"collection":[{"href":"https:\/\/www.benjaminpetrvald.cz\/index.php?rest_route=\/wp\/v2\/pages"}],"about":[{"href":"https:\/\/www.benjaminpetrvald.cz\/index.php?rest_route=\/wp\/v2\/types\/page"}],"author":[{"embeddable":true,"href":"https:\/\/www.benjaminpetrvald.cz\/index.php?rest_route=\/wp\/v2\/users\/1"}],"replies":[{"embeddable":true,"href":"https:\/\/www.benjaminpetrvald.cz\/index.php?rest_route=%2Fwp%2Fv2%2Fcomments&post=1123"}],"version-history":[{"count":2,"href":"https:\/\/www.benjaminpetrvald.cz\/index.php?rest_route=\/wp\/v2\/pages\/1123\/revisions"}],"predecessor-version":[{"id":1580,"href":"https:\/\/www.benjaminpetrvald.cz\/index.php?rest_route=\/wp\/v2\/pages\/1123\/revisions\/1580"}],"wp:attachment":[{"href":"https:\/\/www.benjaminpetrvald.cz\/index.php?rest_route=%2Fwp%2Fv2%2Fmedia&parent=1123"}],"curies":[{"name":"wp","href":"https:\/\/api.w.org\/{rel}","templated":true}]}}